*p + 1. Let g(f) be the third derivative of -3*f**4/8 - f**3/3 - 12*f**2. Let z(h) = 6*g(h) + 13*x(h). What is z(-6)?
13
Let a(b) = 106*b**3 - 17*b + 11*b - 6*b**2 - 107*b**3 + 3. Suppose -6*u + u = 3*l + 20, l - 2*u + 3 = 0. What is a(l)?
8
Suppose -3 = -c - h, 0 = 2*c - 0*c - h - 15. Let o(g) = -c - 1 + 0 + g + 1. Determine o(6).
0
Let z(n) = -n**3 + 8*n**2 - 7*n - 7. Let a be 144/54*(-9)/(-4). Determine z(a).
23
Let v be 3 - (1 + -3 - -3). Suppose -v*u = -0*u. Suppose -3*f - 13 = 4*g - u*f, 0 = 2*g - 5*f + 13. Let a(x) = x**3 + 5*x**2 + 3*x - 3. Determine a(g).
1
Let s = 16 - 14. Let v(r) = 1 + 28*r**2 - 13*r**s - 8*r**2 - 2*r. Determine v(1).
6
Let j(r) = -1. Let k(f) = 4*f + 3. Let t(h) = 7*h + 7. Let p(y) = 5*k(y) - 3*t(y). Let n(s) = -6*j(s) + p(s). What is n(1)?
-1
Let u = 1322 - 1322. Let b(j) = 2*j + 10. Give b(u).
10
Suppose 26*w - 20 = 22*w. Suppose 5*i - x + 0*x - 13 = 0, -w*i - 5*x = 5. Suppose 4*l + 40 = -i*j + 5*j, -3*l + j = 25. Let y(q) = q**2 + 6*q - 1. Give y(l).
6
Let h(c) = 8*c**2 - 3*c + 1. Let q(x) = 2*x**2 - x + 1. Let r(g) = h(g) - 2*q(g). Let l = -4 + 6. Give r(l).
13
Let x(r) = -r**2 + 7*r - 3. Let l = -13 + 18. Let v be x(l). Let s(q) = -3*q + 6*q - 9*q - 4 + v*q. Calculate s(3).
-1
Let p(r) = r**3 - 4*r**2 - 2*r + 4. Let a be p(4). Let z be 2/((-24)/(-15))*a. Let l(c) = -9*c**2 + 2*c - c**3 + 3 + 3*c**2 - 8*c - 1. What is l(z)?
7
Let s(b) = -33 + 42*b - 41*b + 25. Determine s(6).
-2
Let o = 13 + -6. Let d(c) = -c + 9. Let z be d(o). Let v(g) be the first derivative of g**4/4 - 4*g**3/3 - g**2/2 + g + 24. Give v(z).
-9
Let g be (10/(-6))/((-2)/6). Suppose -w + 5*w = g*f + 11, 3*w - 16 = -4*f. Let o(i) = 1403*i - 1 + 1394*i - 2798*i. Give o(f).
-2
Suppose 24 = 41*h - 17*h. Let f(a) = -a**2 + a. Determine f(h).
0
Let i(s) = -5*s**3 + 18*s**3 - 16 + 4. Suppose -27*d + 13*d = 154. Let g(p) = -7*p**3 + 6. Let q(r) = d*g(r) - 6*i(r). Calculate q(0).
6
Let d(v) be the third derivative of -v**5/60 - 5*v**4/24 + 4*v**3/3 + v**2. Let t(q) = 5*q - 57. Let f be t(10). Determine d(f).
-6
Suppose -2*v = 14*s - 10*s - 50, -5*s - 4*v + 61 = 0. Let i(a) = a**2 - 11*a - 19. Determine i(s).
7
Let k(y) = -3*y - 2 + 0*y + 2*y. Let j be k(-5). Let l(h) = -4*h - h + 3 + 3*h - 3*h. Give l(j).
-12
Let h be (-18)/(-24) + (-3)/12. Let j(k) be the first derivative of 5 + h*k**2 - 3*k. Give j(6).
3
Let t(f) = 3*f**3 + 15*f**2 - 8*f - 2. Let d(a) = 2*a**3 + 8*a**2 - 4*a - 1. Let l(q) = 3*q + 11. Let o be l(-2). Let b(c) = o*d(c) - 3*t(c). Give b(4).
1
Suppose -439 = 8*g - 1327. Let i(t) = -g + t + 56 + 46. Give i(8).
-1
Let y(q) = -q + 12*q - 10*q - 3*q. Calculate y(0).
0
Suppose -12*z = -7*z - 30. Let r(b) = -b**3 + 6*b**2 - 3*b + 8. Determine r(z).
-10
Suppose -2*z - 4 - 4 = 0, -3*f + 44 = -5*z. Suppose v + f - 6 = 0. Let j(y) = 4*y + 3. Calculate j(v).
-5
Let v(o) = 1 - 4 - 3 + 5 + o. Let c(t) = 6*t - 6. Let w(r) = -c(r) + 5*v(r). Let q = 1 - -1. Give w(q).
-1
Let i(c) = c**2 - c + 12. Let q = 288 - 288. Calculate i(q).
12
Let r(g) = 4 + 5*g - 2*g + 8 + 4*g - 10. What is r(6)?
44
Suppose -11*c + 12*c = -5*c. Let m(g) be the third derivative of 0 + c*g - 5*g**2 + 1/120*g**6 + 1/12*g**5 + 1/6*g**4 + 1/3*g**3. Determine m(-3).
8
Let p(s) = -11 - 18*s - 23*s + 42*s. Suppose -15 - 10 = -5*l. Give p(l).
-6
Let f(u) be the first derivative of u**3/3 + 3*u**2/2 - 2*u - 2. Suppose 24*m + 87 = -9. What is f(m)?
2
Suppose 10*b = 95 + 35. Let y(u) = 12*u - 3 - 31*u + b*u + 10*u. Give y(-7).
-31
Suppose -337*k = -324*k. Let d(g) = -6*g - 1. Give d(k).
-1
Let a(y) be the third derivative of y**5/60 - 5*y**4/8 + 16*y**2. What is a(15)?
0
Let j(n) = n**3 + 9*n**2 + 6*n - 14. Suppose -118*o = -116*o + 16. What is j(o)?
2
Let n(h) = 50 - 52 - 2*h - 1. Calculate n(-3).
3
Let h(g) = -4*g**2 - 2*g. Let t(i) = i**3 - 16*i**2 + 16*i - 18. Let b be t(15). What is h(b)?
-30
Suppose -5*f - 2 = -3*f, -2*j + 23 = -3*f. Let a(n) = n - 6. Calculate a(j).
4
Let k(a) be the third derivative of a**7/5040 - a**6/80 - a**5/5 + 11*a**2. Let q(p) be the third derivative of k(p). Let d = 21 - 15. Calculate q(d).
-3
Let p = -79 - -84. Let l(b) = -5 + p - 6 + 2*b - b. Give l(5).
-1
Suppose -18 = 2*h - 3*t - 2*t, -5 = 3*h - 2*t. Let y = h - -1. Let z(d) = -4*d + 5*d**y - 2 - 9*d**2 - d**2 + 3*d**2. Give z(-3).
-8
Let g = -24 + 22. Let b(d) = 8*d**2 + 3*d - 7. Let j(s) = -4*s**2 - s + 3. Let w(q) = g*b(q) - 5*j(q). What is w(-1)?
4
Let u(s) be the third derivative of -s**6/360 + 3*s**5/40 + 7*s**4/24 + 2*s**3 + 7*s**2. Let y(m) be the first derivative of u(m). What is y(5)?
27
Let k(s) = -4*s - 2. Let x = 48 + -45. Suppose -2 = x*z + 4. Calculate k(z).
6
Let w(a) be the first derivative of 3*a**3 - 11*a**2/2 - 9*a - 13. Let s(f) = -5*f**2 + 6*f + 5. Let q(n) = -7*s(n) - 4*w(n). What is q(3)?
-2
Let j = -192 - -189. Let y(s) = -5*s + 6. Determine y(j).
21
Let p(s) be the first derivative of s**3/3 + 9*s**2/2 + 31*s + 1. Let d(l) be the first derivative of p(l). Calculate d(-6).
-3
Let l(d) = -3*d + 3*d - d + 0*d. Let s be (4/8)/((-11)/(-132)). Determine l(s).
-6
Let l(w) = w**3 - 6*w**2 + 5*w - 2. Suppose 2 = 3*k - k - o, 0 = 4*k - 5*o - 10. Suppose k = -4*v + 3 + 13. Suppose v*b = 38 - 18. Give l(b).
-2
Let d(z) be the second derivative of z**5/20 - 3*z**4/4 + 7*z**3/6 - 3*z**2/2 + 62*z. What is d(8)?
-11
Let t(g) = 3*g**2 - g - 6. Let u(y) = -7*y**2 + 3*y + 12. Let v(a) = -5*t(a) - 2*u(a). Give v(-4).
-6
Let b(z) be the third derivative of z**4/24 + 5*z**3/6 + 4*z**2 + 3. Calculate b(-8).
-3
Let v be 7 + -2 + (4 - 0). Let b(y) = -5*y**3 + 0*y**3 + 2*y**3 - v + 9*y - 7*y**2 + 2*y**3. Calculate b(-8).
-17
Let p(x) = 4*x**3 + x**2 - 4*x. Let s(g) be the third derivative of g**6/40 + g**5/60 - g**4/6 - 10*g**2. Let z(b) = 2*p(b) - 3*s(b). Let u = -4 + 1. Give z(u).
6
Let v(h) = 4*h - 4. Let a(q) = 3*q - 4. Let r(b) = -5*a(b) + 4*v(b). Determine r(2).
6
Let n(t) = -t + 5. Suppose 5*x - 35 = 5*y, -3*x + 2*y = 2*x - 26. Let z(m) = -2*m. Let p be z(-2). Let j be p + 0 + 0/x. Give n(j).
1
Let a(t) = t**2 + 2*t + 3. Let c(v) = -2*v - 1. Let u be (-22)/(-77)*-1*14/(-4). Let m(n) = u*c(n) - a(n). What is m(-5)?
-9
Suppose -2*i = 5*d - 12, 2*d - 4*i = -0*d + 24. Suppose -5 - 15 = d*p. Let j(r) = r**2 + 4*r. What is j(p)?
5
Let s(z) = -5*z - 3*z - 11 + 9 + 4*z. Let y(g) be the third derivative of g**4/24 + g**3/3 - 2*g**2. Let b be y(-5). Give s(b).
10
Let o(w) = -5*w. Let h(k) = -k**3 - 8*k**2 - 2*k - 17. Let f be -9*1 + (4 - (6 - 3)). Let i be h(f). Calculate o(i).
5
Let i(g) = -g**2 + g. Let l(y) = -9*y**2 + 7*y - 1. Let z(w) = -i(w) + l(w). Let b(m) = 17*m**2 - 13*m + 3. Let a(p) = -4*b(p) - 9*z(p). Calculate a(-2).
17
Let w(h) = -47*h + 3049. Let a be w(65). Let z(j) = -j - 1 + 0*j + 4. Give z(a).
9
Suppose -2 + 1 = -r. Let s be ((-4)/8)/((-6)/36). Let b(n) = -n + 5*n**3 + s*n + 1 - 4*n - 4*n**3. What is b(r)?
0
Let b = 9 - 3. Suppose -5 - b = -v. Let x(i) = 4*i - v*i + 8*i - i**2. Determine x(-1).
-2
Let b(s) = 5 + 17*s - 5 + 34*s + 2. Calculate b(-1).
-49
Let d be (-3)/(-6)*(8 - 0). Let k(q) = 10 - 6*q - q**3 + d*q**2 - 2 + 10*q + q**2. Let i = -3 + 9. Give k(i).
-4
Let u = -144 + 146. Let g be -6 + u/(-3)*-12. Let h(r) be the third derivative of -r**6/120 - r**5/30 - r**4/24 + r**3/6 + r**2. Calculate h(g).
-17
Let t = -2 - -6. Let a(h) be the second derivative of h**3/3 - 3*h**2/2 - 792*h. Give a(t).
5
Let r(g) be the second derivative of g**5/20 + g**4/2 - 5*g**3/6 + 9*g**2/2 - 93*g - 1. Calculate r(-7).
-5
Suppose -2*n = -5*n - q + 14, -2*n + 3*q + 24 = 0. Let c(s) be the first derivative of -s**4/4 + 2*s**3 + s**2/2 + 1. Determine c(n).
6
Let f(w) = -w**3 - 4*w**2 + 7*w + 4. Let c be ((-1)/2)/((-8)/368). Let v = 18 - c. What is f(v)?
-6
Suppose 3 = -5*s - 2. Let p(f) = 4*f**2 + 3*f - 2. Let o(k) = -5*k**2 - 3*k + 3. Let x(w) = -3*o(w) - 4*p(w). What is x(s)?
1
Let l(z) = z**2 - z - 1. Let i(x) = -7*x**2 + x + 2. Let j(y) = -i(y) - 2*l(y). What is j(2)?
22
Let f(p) = -2*p**2 + p - 3. Suppose -5*v = -11*y + 14*y + 11, 2*y = 2*v + 14. Give f(v).
-39
Suppose -5*p = -8*i + 12*i - 10, -4*p - i + 8 = 0. Let g(d) be the second derivative of 6*d + 0 - 2*d**p + 1/3*d**3. Give g(5).
6
Let d be (8/(-16))/((-1)/(-20)). Let n = 13 + d. Let v(c) = -3*c**2 - c**2 - c**n - 4*c + 9*c**2 + 2. Give